alculate the remainder when 549257 is divided by 145.
142
What is the remainder when 4669 is divided by 91?
28
What is the remainder when 685 is divided by 619?
66
What is the remainder when 2126522 is divided by 393?
392
Calculate the remainder when 116657 is divided by 5.
2
Calculate the remainder when 101562 is divided by 101557.
5
Calculate the remainder when 654 is divided by 324.
6
Calculate the remainder when 4116 is divided by 4069.
47
Calculate the remainder when 481458 is divided by 532.
530
What is the remainder when 674 is divided by 170?
164
Calculate the remainder when 623400 is divided by 33.
30
Calculate the remainder when 38735 is divided by 19353.
29
Calculate the remainder when 73937 is divided by 10.
7
Calculate the remainder when 10226 is divided by 426.
2
Calculate the remainder when 3017 is divided by 104.
1
What is the remainder when 5908 is divided by 347?
9
Calculate the remainder when 53214 is divided by 429.
18
Calculate the remainder when 67987 is divided by 82.
9
What is the remainder when 2391 is divided by 797?
0
What is the remainder when 4832 is divided by 544?
480
Calculate the remainder when 20702 is divided by 828.
2
Calculate the remainder when 524682 is divided by 5.
2
What is the remainder when 6424 is divided by 21?
19
What is the remainder when 5296 is divided by 17?
9
What is the remainder when 59566 is divided by 438?
436
Calculate the remainder when 7439 is divided by 16.
15
Calculate the remainder when 3889 is divided by 67.
3
What is the remainder when 1654 is divided by 512?
118
What is the remainder when 922115 is divided by 771?
770
Calculate the remainder when 5658 is divided by 1362.
210
What is the remainder when 171367 is divided by 14?
7
Calculate the remainder when 11158 is divided by 232.
22
Calculate the remainder when 34193 is divided by 41.
40
What is the remainder when 11325 is divided by 43?
16
Calculate the remainder when 69826 is divided by 7752.
58
Calculate the remainder when 65722 is divided by 12.
10
What is the remainder when 83390 is divided by 100?
90
Calculate the remainder when 26310 is divided by 446.
442
Calculate the remainder when 8126691 is divided by 41.
40
Calculate the remainder when 23093 is divided by 330.
323
Calculate the remainder when 42280 is divided by 1281.
7
Calculate the remainder when 214402 is divided by 109.
108
What is the remainder when 19579 is divided by 98?
77
What is the remainder when 1077 is divided by 9?
6
What is the remainder when 305141 is divided by 862?
855
Calculate the remainder when 8728 is divided by 2234.
2026
What is the remainder when 771675 is divided by 412?
411
Calculate the remainder when 59792 is divided by 151.
147
Calculate the remainder when 121930 is divided by 55.
50
What is the remainder when 10559 is divided by 5276?
7
What is the remainder when 1314 is divided by 1271?
43
Calculate the remainder when 1036875 is divided by 366.
363
What is the remainder when 31799 is divided by 10526?
221
What is the remainder when 54678 is divided by 1708?
22
Calculate the remainder when 8388 is divided by 1161.
261
What is the remainder when 234595 is divided by 78190?
25
What is the remainder when 183259 is divided by 980?
979
Calculate the remainder when 508224 is divided by 5.
4
What is the remainder when 66519 is divided by 59?
26
Calculate the remainder when 928812 is divided by 185762.
2
Calculate the remainder when 14919 is divided by 416.
359
What is the remainder when 14640 is divided by 976?
0
What is the remainder when 7956 is divided by 141?
60
Calculate the remainder when 706 is divided by 395.
311
What is the remainder when 173709 is divided by 89?
70
What is the remainder when 141462 is divided by 141455?
7
What is the remainder when 4017 is divided by 1907?
203
What is the remainder when 1055293 is divided by 27?
25
What is the remainder when 291622 is divided by 900?
22
Calculate the remainder when 20573 is divided by 140.
133
What is the remainder when 67243 is divided by 61?
21
Calculate the remainder when 16353 is divided by 2722.
21
What is the remainder when 347 is divided by 311?
36
Calculate the remainder when 136272 is divided by 408.
0
Calculate the remainder when 6350 is divided by 402.
320
Calculate the remainder when 17418 is divided by 130.
128
What is the remainder when 971276 is divided by 374?
372
What is the remainder when 67344 is divided by 19?
8
Calculate the remainder when 323 is divided by 41.
36
Calculate the remainder when 4547 is divided by 44.
15
Calculate the remainder when 2453 is divided by 187.
22
What is the remainder when 273447 is divided by 1367?
47
What is the remainder when 11396 is divided by 1247?
173
Calculate the remainder when 9565 is divided by 85.
45
Calculate the remainder when 565574 is divided by 28278.
14
What is the remainder when 29091 is divided by 14?
13
Calculate the remainder when 17223 is divided by 375.
348
What is the remainder when 7843 is divided by 2612?
7
Calculate the remainder when 103704 is divided by 63.
6
Calculate the remainder when 4607 is divided by 347.
96
Calculate the remainder when 27392 is divided by 280.
232
Calculate the remainder when 8715 is divided by 2880.
75
What is the remainder when 9573 is divided by 1908?
33
What is the remainder when 14169 is divided by 708?
9
What is the remainder when 15153 is divided by 15146?
7
What is the remainder when 159816 is divided by 501?
498
Calculate the remainder when 65896 is divided by 5990.
6
What is the remainder when 70301 is divided by 2510?
21
What is the remainder when 153140 is divided by 11779?
13
What is the remainder when 36468 is divided by 1510?
228
What is the remainder when 6404118 is divided by 171?
168
What is the remainder when 282761 is divided by 32?
9
What is the remainder when 2094 is divided by 140?
134
Calculate the remainder when 4115 is divided by 273.
20
Calculate the remainder when 383896 is divided by 8168.
0
What is the remainder when 11559 is divided by 289?
288
Calculate the remainder when 8313 is divided by 5.
3
Calculate the remainder when 18163 is divided by 9065.
33
What is the remainder when 10009 is divided by 165?
109
What is the remainder when 94520 is divided by 685?
675
Calculate the remainder when 645 is divided by 116.
65
What is the remainder when 11177 is divided by 149?
2
What is the remainder when 7441 is divided by 875?
441
Calculate the remainder when 97190 is divided by 225.
215
Calculate the remainder when 13594 is divided by 349.
332
What is the remainder when 2052 is divided by 160?
132
What is the remainder when 64500 is divided by 83?
9
Calculate the remainder when 47419 is divided by 15757.
148
What is the remainder when 6145 is divided by 522?
403
Calculate the remainder when 2382 is divided by 65.
42
What is the remainder when 31944 is divided by 3?
0
What is the remainder when 1343150 is divided by 7?
4
Calculate the remainder when 182694 is divided by 38.
28
Calculate the remainder when 2834 is divided by 142.
136
What is the remainder when 70188 is divided by 1300?
1288
Calculate the remainder when 6532 is divided by 298.
274
What is the remainder when 9813 is divided by 16?
5
Calculate the remainder when 30041 is divided by 2.
1
What is the remainder when 3650 is divided by 1211?
17
What is the remainder when 12813 is divided by 53?
40
Calculate the remainder when 49137 is divided by 35.
32
Calculate the remainder when 1558401 is divided by 438.
435
What is the remainder when 39283 is divided by 3571?
2
Calculate the remainder when 157679 is divided by 240.
239
Calculate the remainder when 616800 is divided by 67.
65
What is the remainder when 65404 is divided by 219?
142
Calculate the remainder when 1191 is divided by 112.
71
Calculate the remainder when 1948 is divided by 387.
13
What is the remainder when 7087 is divided by 2334?
85
What is the remainder when 14072 is divided by 1967?
303
Calculate the remainder when 6441 is divided by 24.
9
What is the remainder when 10494 is divided by 38?
6
Calculate the remainder when 1704 is divided by 567.
3
Calculate the remainder when 3509 is divided by 496.
37
What is the remainder when 321460 is divided by 6?
4
Calculate the remainder when 5782 is divided by 58.
40
What is the remainder 